4308962?
False
Is 164109819 a multiple of 252?
False
Does 1801 divide 34133944?
False
Does 23 divide 331677186?
False
Is 15 a factor of 57977212?
False
Is 373 a factor of 7262051?
False
Does 6 divide 349082302?
False
Is 5 a factor of 13128060?
True
Does 449 divide 29761516?
True
Does 423 divide 217843731?
True
Is 305 a factor of 592828361?
False
Does 76 divide 1726690856?
False
Is 6068 a factor of 191415060?
True
Does 38 divide 135647840?
True
Does 68 divide 74672968?
False
Does 20 divide 78338800?
True
Is 915 a factor of 149017815?
True
Is 139749848 a multiple of 28?
True
Is 762113838 a multiple of 177?
False
Does 42 divide 25129323?
False
Does 832 divide 167281755?
False
Does 33 divide 117491081?
False
Is 8 a factor of 18222895?
False
Does 4420 divide 606870420?
True
Does 50 divide 516800500?
True
Is 12 a factor of 4377864?
True
Does 215 divide 671188152?
False
Is 60395724 a multiple of 3?
True
Is 557 a factor of 168969292?
True
Is 507 a factor of 5992740?
True
Is 129 a factor of 70456708?
False
Is 2405 a factor of 22914921?
False
Does 50 divide 198858850?
True
Does 177 divide 7583742?
True
Does 17 divide 6062081?
True
Does 134 divide 817719322?
True
Does 22 divide 54846162?
False
Does 481 divide 347771859?
False
Does 10 divide 4057310?
True
Is 91 a factor of 94850835?
False
Does 18380 divide 3569515667?
False
Is 4840121 a multiple of 13?
True
Is 193299408 a multiple of 18?
True
Does 5 divide 7414470?
True
Is 1999659912 a multiple of 5098?
True
Is 195 a factor of 47924760?
True
Is 263 a factor of 222202651?
True
Does 25 divide 28008053?
False
Does 21 divide 549890040?
True
Does 2384 divide 29521336?
False
Is 817 a factor of 135008746?
False
Does 360 divide 19103400?
True
Is 6152342 a multiple of 8?
False
Does 25 divide 85257600?
True
Is 17037 a factor of 5375054241?
True
Does 128 divide 112512271?
False
Does 39 divide 50590550?
False
Does 16867 divide 869560722?
False
Does 819 divide 57400434?
True
Is 428 a factor of 75478656?
True
Is 278 a factor of 53653444?
True
Does 8 divide 27575080?
True
Is 20026204 a multiple of 2788?
True
Does 69 divide 1619388876?
True
Is 1239 a factor of 1372115433?
False
Does 458 divide 51148683?
False
Is 437 a factor of 15098350?
True
Is 131 a factor of 27647550?
True
Is 356 a factor of 5309590580?
False
Is 120 a factor of 334333011?
False
Is 12 a factor of 558340680?
True
Is 263 a factor of 28470541?
False
Is 1298 a factor of 324551853?
False
Does 4 divide 822400?
True
Is 25 a factor of 2013529173?
False
Does 12 divide 6394020?
True
Does 42 divide 212614038?
True
Is 4937722 a multiple of 11?
False
Is 189 a factor of 89614133?
False
Is 18 a factor of 28008854?
False
Does 52 divide 72411377?
False
Is 83320377 a multiple of 13?
False
Is 13 a factor of 109988385?
True
Does 112 divide 2000003824?
True
Is 3287901274 a multiple of 10?
False
Does 6 divide 153460684?
False
Is 7522839 a multiple of 591?
True
Does 594 divide 18611208?
True
Is 97054708 a multiple of 12?
False
Does 136 divide 1354499099?
False
Does 4 divide 71421427?
False
Is 486637782 a multiple of 52?
False
Is 980288281 a multiple of 46?
False
Is 9 a factor of 797882018?
False
Is 369 a factor of 417876413?
False
Does 121 divide 937098326?
False
Is 1487 a factor of 743284385?
True
Is 44 a factor of 598838196?
True
Is 121 a factor of 28281108?
False
Is 21 a factor of 39042948?
True
Is 8 a factor of 339359608?
True
Does 4123 divide 542131287?
False
Does 1015 divide 22528940?
True
Does 7681 divide 42153175?
False
Is 11905008 a multiple of 4?
True
Does 11 divide 381693279?
True
Does 16 divide 7957760?
True
Is 25 a factor of 350674850?
True
Does 6228 divide 1545937717?
False
Is 9 a factor of 43660499?
False
Does 2935 divide 33916860?
True
Is 1754592151 a multiple of 1109?
True
Is 12074035 a multiple of 61?
True
Is 127 a factor of 727577539?
True
Is 415884351 a multiple of 7?
False
Is 3300291368 a multiple of 148?
True
Is 103 a factor of 5235188?
False
Is 3601 a factor of 414817195?
True
Is 16 a factor of 18090896?
True
Is 10 a factor of 132103060?
True
Is 1158594393 a multiple of 16?
False
Is 15857810 a multiple of 115?
True
Is 14 a factor of 68634048?
True
Is 412 a factor of 1369366460?
True
Is 155 a factor of 79536855?
True
Is 330696666 a multiple of 18?
True
Is 594977601 a multiple of 381?
True
Is 724 a factor of 19567548?
True
Does 388 divide 306053699?
False
Does 14 divide 15180834?
False
Is 998 a factor of 79510133?
False
Does 9 divide 17368746?
False
Does 58 divide 392529516?
False
Is 857029641 a multiple of 30?
False
Is 29 a factor of 1246621521?
True
Is 495000940 a multiple of 98?
True
Does 198 divide 1207541016?
True
Is 35 a factor of 3061401?
False
Is 569035549 a multiple of 33?
False
Does 30 divide 2805000?
True
Does 1370 divide 2041535410?
False
Is 294976485 a multiple of 14?
False
Is 35 a factor of 216709361?
False
Is 16761913 a multiple of 233?
False
Is 30891690 a multiple of 218?
True
Is 180 a factor of 4129920?
True
Is 636 a factor of 1715261647?
False
Is 16771744 a multiple of 341?
True
Is 158 a factor of 6028332?
True
Does 9 divide 90297666?
True
Is 83 a factor of 12020558?
True
Does 1351 divide 26185353?
False
Is 1105 a factor of 4318017?
False
Does 549 divide 9048618?
True
Is 1213727 even?
False
Is 55 a factor of 1021946035?
True
Is 1567 a factor of 225047839?
True
Does 4881 divide 434462691?
True
Is 1737864468 a multiple of 428?
True
Is 115299178 a multiple of 583?
False
Is 25482241 a multiple of 373?
True
Is 2759 a factor of 91883617?
False
Is 280923029 a multiple of 29?
True
Is 83 a factor of 2093816177?
False
Does 25 divide 13260010?
False
Is 302 a factor of 22078918?
True
Does 1388 divide 680693613?
False
Does 13 divide 1866412054?
True
Is 81 a factor of 36496413?
True
Does 12 divide 7583868?
True
Does 18 divide 983718288?
True
Is 3363 a factor of 39155409?
True
Is 699746467 a multiple of 19?
False
Does 5 divide 80992940?
True
Is 270 a factor of 248362470?
True
Is 1556466114 a multiple of 14?
True
Is 264862518 a multiple of 318?
True
Is 85 a factor of 2000506875?
True
Is 7 a factor of 52876523?
True
Is 241252830 a multiple of 910?
True
Is 29218697 a multiple of 73?
False
Is 15 a factor of 72224921?
False
Does 319 divide 28523704?
True
Does 125 divide 252401042?
False
Is 174828571 a multiple of 29?
False
Is 52168327 a multiple of 91?
False
Is 60 a factor of 2459640?
True
Is 829343060 a multiple of 364?
True
Is 3661222 a multiple of 35?
False
Is 1254618070 a multiple of 446?
True
Is 445 a factor of 65721122?
False
Is 3 a factor of 6779567?
False
Is 230892968 a multiple of 8?
True
Is 26 a factor of 197798406?
True
Is 1274651235 a multiple of 3188?
False
Is 191 a factor of 98440827?
True
Is 70048502 a multiple of 4?
False
Is 13990372 a multiple of 13?
False
Is 26781948 a multiple of 54?
True
Is 493187094 a multiple of 4209?
False
Is 3 a factor of 5632601?
False
Is 129 a factor of 131567874?
True
Does 4935 divide 3439680195?
True
Is 1830 a factor of 1934978670?
False
Is 14 a factor of 54195348?
False
Does 222 divide 57656286?
True
Does 28 divide 905772674?
False
Does 16 divide 2140995808?
True
Does 28 divide 792740155?
False
Does 2358 divide 215417743?
False
Is 1208011149 a multiple of 4350?
False
Does 15 divide 4967681?
False
Is 30398067 a multiple of 61?
False
Is 20841750 a multiple of 125?
True
Is 61028567 a multiple of 4?
False
Does 3186 divide 569701966?
False
Is 177 a factor of 22069245?
True
Is 8 a factor of 146550638?
False
Does 376 divide 174957688?
True
Is 2913 a factor of 7943751?
True
Is 136590680 a multiple of 185?
True
Is 288 a factor of 950504256?
True
Does 230 divide 60793600?
True
Is 31 a factor of 2356403?
True
Is 1011784239 a multiple of 10319?
False
Does 274 divide 28339004?
False
Does 6468 divide 5649597492?
True
Is 12 a factor of 15225357?
False
Is 71803100 a multiple of 244?
True
Is 783 a factor of 43290755?
False
Is 2179 a factor of 190879480?
False
Does 34 divide 120092658?
True
Is 466417440 a multiple of 116?
True
Is 39 a factor of 34696377?
False
Is 924997484 a multiple of 83?
True
Is 1167 a factor of 22222666?
False
Is 17613722 a multiple of 38?
True
Is 51268914 a multiple of 183?
True
Does 33 divide 41878753?
False
Is 144918400 a multiple of 200?
True
Is 56784672 a multiple of 288?
True
Is 25 a factor of 357